{"id":53,"date":"2022-12-08T14:03:31","date_gmt":"2022-12-08T14:03:31","guid":{"rendered":"https:\/\/buceomadrid.es\/viajes\/home-2\/"},"modified":"2023-03-22T23:39:16","modified_gmt":"2023-03-22T23:39:16","slug":"home-2","status":"publish","type":"page","link":"https:\/\/buceomadrid.es\/viajes\/home-2\/","title":{"rendered":"Inicio"},"content":{"rendered":"\t\t<div data-elementor-type=\"wp-page\" data-elementor-id=\"53\" class=\"elementor elementor-53\">\n\t\t\t\t\t\t<section class=\"elementor-section elementor-top-section elementor-element elementor-element-694344c1 elementor-section-boxed elementor-section-height-default elementor-section-height-default wpr-particle-no wpr-jarallax-no wpr-parallax-no wpr-sticky-section-no\" data-id=\"694344c1\" data-element_type=\"section\" data-e-type=\"section\">\n\t\t\t\t\t\t<div class=\"elementor-container elementor-column-gap-default\">\n\t\t\t\t\t<div class=\"elementor-column elementor-col-100 elementor-top-column elementor-element elementor-element-5e04d032\" data-id=\"5e04d032\" data-element_type=\"column\" data-e-type=\"column\">\n\t\t\t<div class=\"elementor-widget-wrap elementor-element-populated\">\n\t\t\t\t\t\t<div class=\"elementor-element elementor-element-12212539 elementor-widget elementor-widget-text-editor\" data-id=\"12212539\" data-element_type=\"widget\" data-e-type=\"widget\" data-widget_type=\"text-editor.default\">\n\t\t\t\t<div class=\"elementor-widget-container\">\n\t\t\t\t\t\t\t\t\t\n\n\n<h1>men\u00fa  viajes<\/h1>\n\nClickea sobre la imagen para encontrar tu destino\n\n<center><!-- Image Map Generated by http:\/\/www.image-map.net\/ -->\n<img decoding=\"async\" src=\"\nhttps:\/\/buceomadrid.es\/viajes\/wp-content\/uploads\/2022\/12\/mapa_viajes.jpg\" usemap=\"#image-map\">\n\n<map name=\"image-map\">\n    <area target=\"\" alt=\" Pac\u00edfico Norte\" title=\" Pac\u00edfico Norte\" href=\"https:\/\/buceomadrid.es\/viajes\/pacifico-norte\/\" coords=\"19,152,31,155,42,144,75,148,99,166,117,187,121,206,122,227,138,237,152,249,168,269,172,280,196,291,213,301,223,311,240,312,230,298,216,292,219,278,210,283,191,280,189,262,204,251,216,248,227,249,230,263,240,260,234,243,252,235,255,218,271,203,280,189,303,178,286,157,277,147,250,137,247,154,239,168,239,180,227,170,209,161,198,152,207,135,216,123,229,116,230,107,173,111,143,112,111,104,70,103,45,103,24,96,12,104,2,110,1,122,4,141,7,149\" shape=\"poly\">\n    <area target=\"\" alt=\"Pac\u00edfico Sur\" title=\"Pac\u00edfico Sur\" href=\"https:\/\/buceomadrid.es\/viajes\/pacifico-sur\/\" coords=\"247,314,245,331,232,345,245,362,263,383,264,414,255,454,252,491,267,504,280,502,270,485,274,473,279,452,295,444,295,431,311,434,321,410,338,395,353,375,356,347,321,340,317,324,302,315,282,310,266,304,253,305\" shape=\"poly\">\n    <area target=\"\" alt=\"Caribe\" title=\"Caribe\" href=\"https:\/\/buceomadrid.es\/viajes\/caribe\/\" coords=\"243,276,242,285,256,287,292,292,264,274,247,267,227,271,225,278\" shape=\"poly\">\n    <area target=\"\" alt=\"Europa\" title=\"Europa\" href=\" https:\/\/buceomadrid.es\/viajes\/europa\/\" coords=\"435,205,428,218,432,232,441,234,451,232,462,216,476,211,483,214,492,224,496,229,502,218,486,206,494,198,503,206,513,216,517,225,523,215,532,211,540,198,557,194,560,204,577,211,586,199,585,181,610,175,612,149,622,119,603,112,569,127,547,128,550,104,529,98,495,113,471,141,475,153,490,156,499,164,502,139,517,125,524,131,516,151,535,147,506,173,486,173,475,173,448,190,450,202,450,211,444,209,441,210\" shape=\"poly\">\n    <area target=\"\" alt=\"\u00c1frica \" title=\"\u00c1frica \" href=\"https:\/\/buceomadrid.es\/viajes\/africa\/\" coords=\"435,242,414,263,408,280,411,294,419,310,438,330,454,314,476,322,484,328,484,341,493,356,491,381,497,397,502,421,517,431,533,427,546,412,552,396,554,382,566,372,564,383,563,357,563,341,587,321,595,304,573,309,559,292,552,274,540,258,525,248,513,253,490,243,480,232,454,236\" shape=\"poly\">\n    <area target=\"\" alt=\"Asia\" title=\"Asia\" href=\" https:\/\/buceomadrid.es\/viajes\/asia\/\" coords=\"556,257,565,273,578,297,603,292,618,274,597,270,586,257,591,245,607,254,632,264,650,270,661,293,668,315,675,302,691,282,700,272,716,285,727,295,724,309,721,324,728,342,755,359,798,364,831,357,837,353,835,341,815,339,815,349,793,336,782,344,773,336,782,324,801,320,802,302,792,285,781,291,779,304,773,317,765,327,756,332,742,334,736,319,736,301,750,304,744,285,755,278,769,271,787,254,783,242,780,225,786,216,800,228,808,219,829,199,836,174,849,149,890,142,901,143,884,162,880,178,899,169,913,147,935,142,951,128,949,107,905,109,860,105,841,92,810,102,802,91,784,91,758,89,740,89,756,76,736,69,709,80,694,82,676,89,654,108,653,92,643,95,625,133,629,158,605,185,593,194,597,203,602,217,606,229,588,224,571,215,545,215,530,221,537,229,550,229,550,245\" shape=\"poly\">\n    <area target=\"\" alt=\"Australia\" title=\"Australia\" href=\"https:\/\/buceomadrid.es\/viajes\/australia\/\" coords=\"789,389,773,392,764,402,765,420,767,431,791,427,817,417,819,428,840,442,854,443,851,456,856,460,858,450,863,441,872,416,858,391,840,368,856,364,864,350,844,346,838,359,829,375,815,368,806,376\" shape=\"poly\">\n<\/map><\/center>\n\n\n\n\n\n\n\n\n\n\n\n\n<h2>SUD\u00c1FRICA<\/h2>\n<h6>DURBAN &#8211; UNKOMAAS &#8211; ST. LUCIA<br><\/h6>\n<p>Aliwal Shoal es uno de los mejores destinos del mundo para bucear con tiburones en Sud\u00e1frica. El tibur\u00f3n Raggie es la estrella del lugar. No te puedes dejar enga\u00f1ar por su aspecto feroz y tama\u00f1o considerable, ya que con su comportamiento normalmente tranquilo suele acercarse bastante al buceador dej\u00e1ndose fotografiar de mil maneras. Aliwal Shoal alcanza unos 3 kil\u00f3metros de largo, en general las inmersiones se realizan a poca o media profundidad y el agua est\u00e1 fr\u00eda, en torno a los 15\u00ba a 16\u00ba. Se puede bucear todo el a\u00f1o, dependiendo de la \u00e9poca encontraremos un tipo de fauna u otra pero los tiburones est\u00e1n garantizados..<\/p>\n<p>Safari \u00bbBig Five\u00bb en Sud\u00e1frica<\/p><p>Originalmente, el t\u00e9rmino \u00bbBig Five\u00bb hac\u00eda referencia a las cinco especies de grandes mam\u00edferos dif\u00edciles de cazar, leones, leopardos, rinocerontes, elefantes y b\u00fafalos africanos.&nbsp; Este safari lo realizamos en el Parque Nacional de Kruger, una de las reservas de caza m\u00e1s grandes de \u00c1frica, hogar de unas 147 especies de mam\u00edferos.<\/p><p><br><\/p><p>Acci\u00f3n: buceo con cebo, sin jaula<\/p><p>Los tiburones, altamente malentendidos y falsamente acusados, el buceo con estos depredadores ofrecen una experiencia alucinante. La inmersi\u00f3n con cebo se realiza en la zona de Aliwal Shoal y atrae hasta 40 tiburones punta negra. Es posible contar con la aparici\u00f3n del siempre t\u00edmido y escurridizo tibur\u00f3n tigre.<\/p>\n\n\n\n\n\n\n\n\n\n\n\n\n<h2>JORDANIA<\/h2>\n<h1>mAr Rojo<\/h1>\n<p>El destino que atrapa y enamora a cualquier viajero, sobretodo aquellos como nosotros que disfrutamos un destino en sus dos medios.<\/p><p>Bajo el agua, el museo militar submarino. En tierra, Petra, la ciudad tallada en piedra.<\/p><p>El buceo en Jordania<\/p><p>El extremo sur de Jordania es el principal atractivo para los buceadores que visitan el pa\u00eds.&nbsp; En \u00e9l, las aguas tropicales del Mar Rojo ba\u00f1an algunos de los arrecifes de coral m\u00e1s espectaculares del mundo. Su costa se prolonga por unos 27 kil\u00f3metros en los que se encuentran m\u00faltiples puntos de buceo,&nbsp; muchos de ellos dentro del Parque Marino de Aqaba.<\/p><p><br><\/p><p>Actualmente, el principal atractivo submarino de Jordania es el buceo en pecios.&nbsp; Aviones, barcos, tanques de guerra y un aut\u00e9ntico Museo Militar Submarino. Un total de 19 veh\u00edculos militares de las Fuerzas Armadas del pa\u00eds se hundieron para crear el museo militar submarino en el que bucear en Jordania.<\/p><p><br><\/p><p>La&nbsp; mayor\u00eda de las inmersiones son de acceso desde costa, entrando desde playas tanto de arena como roca. Por ello, es recomendado llevar el equipo adecuado para estos accesos.<\/p><p><br><\/p>\n\n\n\n\n\n<h2>Otros Servicios<\/h2>\n<p>Lorem ipsum dolor sit amet, consectetuer adipiscing elit. Aenean commodo ligule eget dolor. Aenaen massa, Cum soolis natoque penatibus et magnis dis parturient montes nascetur ridiculus mus<\/p>\n\n\n<p>Aenean commodo ligule eget dolor. Aenaen massa, Cum soolis natoque penatibus et magnis <\/p>\n\n\n<p>Aenean commodo ligule eget dolor. Aenaen massa, Cum soolis natoque penatibus et magnis <\/p>\n\n\n<p>Aenean commodo ligule eget dolor. Aenaen massa, Cum soolis natoque penatibus et magnis <\/p>\n\n\n<p>Aenean commodo ligule eget dolor. Aenaen massa, Cum soolis natoque penatibus et magnis <\/p>\n\n\n\n\n\n\n<h2>OTROS DestinOS<\/h2>\n<p>Lorem ipsum dolor sit amet, consectetuer adipiscing elit. Aenean commodo ligule eget dolor. Aenaen massa, Cum soolis natoque penatibus et magnis dis parturient montes nascetur ridiculus mus<\/p>\n\n\n<p style=\"text-align: left\"><a href=\"#\" title=\"$400\" style=\"font-size: 22px\"><strong>$400<\/strong><\/a><\/p><p style=\"text-align: left;padding-top: 20px\"><span style=\"line-height: 2\">15 DAYS TOUR<\/span><\/p><span style=\"line-height: 3.5\"><\/span><span style=\"line-height: 2\"><\/span><span><\/span><p style=\"text-align: left\"><span style=\"font-size: 50px\">ENGLAND<\/span><\/p>\n\n\n<p style=\"text-align: left\"><a href=\"#\" title=\"$400\" style=\"font-size: 22px\"><strong>$400<\/strong><\/a><\/p><p style=\"text-align: left;padding-top: 20px\"><span style=\"line-height: 2\">15 DAYS TOUR<\/span><\/p><span style=\"line-height: 3.5\"><\/span><span style=\"line-height: 2\"><\/span><span><\/span><p style=\"text-align: left\"><span style=\"font-size: 50px\">ENGLAND<\/span><\/p>\n\n\n<p style=\"text-align: left\"><a href=\"#\" title=\"$400\" style=\"font-size: 22px\"><strong>$400<\/strong><\/a><\/p><p style=\"text-align: left;padding-top: 20px\"><span style=\"line-height: 2\">15 DAYS TOUR<\/span><\/p><span style=\"line-height: 3.5\"><\/span><span style=\"line-height: 2\"><\/span><span><\/span><p style=\"text-align: left\"><span style=\"font-size: 50px\">ENGLAND<\/span><\/p>\n\n\n<p style=\"text-align: left\"><a href=\"#\" title=\"1000\u20ac\" style=\"font-size: 22px\"><strong>1000\u20ac<\/strong><\/a><\/p><p style=\"text-align: left;padding-top: 20px\"><span style=\"line-height: 2\">15 DIAS DE TOUR<\/span><\/p><span style=\"line-height: 3.5\"><\/span><span style=\"line-height: 2\"><\/span><span><\/span><p style=\"text-align: left\"><span style=\"font-size: 50px\">GRECIA<\/span><\/p>\n\n\n<p style=\"text-align: left\"><a href=\"#\" title=\"$400\" style=\"font-size: 22px\"><strong>$400<\/strong><\/a><\/p><p style=\"text-align: left;padding-top: 20px\"><span style=\"line-height: 2\">15 DAYS TOUR<\/span><\/p><span style=\"line-height: 3.5\"><\/span><span style=\"line-height: 2\"><\/span><span><\/span><p style=\"text-align: left\"><span style=\"font-size: 50px\">ENGLAND<\/span><\/p>\n\n\n<p style=\"text-align: left\"><a href=\"#\" title=\"$400\" style=\"font-size: 22px\"><strong>$400<\/strong><\/a><\/p><p style=\"text-align: left;padding-top: 20px\"><span style=\"line-height: 2\">15 DAYS TOUR<\/span><\/p><span style=\"line-height: 3.5\"><\/span><span style=\"line-height: 2\"><\/span><span><\/span><p style=\"text-align: left\"><span style=\"font-size: 50px\">ENGLAND<\/span><\/p>\n\n\n\n\n\n\n<p>Lorem ipsum dolor sit amet, consectetuer adipiscing elit. Aenean commodo ligule eget dolor. Aenaen massa, Cum soolis natoque penatibus et magnis dis parturient montes nascetur ridiculus mus<\/p>\n\n\n<h2>UK Best Rooms offer<\/h2>\n\n\n\n<h5>Classic Balcony Rooms<\/h5>\n<p>From $99\/ Night<\/p>\n<p>Lorem ipsum dolor sit amet, consectetur adipiscing elit, sed do eiusmod tempor incididunt ut labore et dolore magna aliqua. Ut enim ad minim veniam, quis nostrud exercitation ullamco laboris nisi ut aliquip ex ea commodo consequat. Duis aute irure dolor in reprehenderit in voluptate velit esse cillum dolore eu fugiat nulla pariatur. Excepteur sint occaecat cupidatat non proident, sunt in culpa qui officia deserunt mollit anim id est laborum.<\/p>\n<p>Lorem ipsum dolor sit amet, consectetuer adipiscing elit. Aenean commodo ligule eget dolor. Aenaen massa, Cum soolis natoque penatibus et magnis dis parturient montes nascetur ridiculus mus<\/p>\n\n\n\n\n\n\n\n\n\n\n<h2>Testimonials<\/h2>\n<p>Lorem ipsum dolor sit amet, consectetuer adipiscing elit. Aenean commodo ligule eget dolor. Aenaen massa, Cum soolis natoque penatibus et magnis dis parturient montes nascetur ridiculus mus<\/p>\n\n\n\n<p>Aenaen massa, Cum soolis natoque penatibus et magnis dis parturient montes nascetur ridiculus mus<\/p>\n<p>Aenaen massa, Cum soolis natoque penatibus et magnis dis parturient montes nascetur ridiculus mus<\/p>\n<p>Aenaen massa, Cum soolis natoque penatibus et magnis dis parturient montes nascetur ridiculus mus<\/p>\n<p>Aenaen massa, Cum soolis natoque penatibus et magnis dis parturient montes nascetur ridiculus mus<\/p>\n<p>Aenaen massa, Cum soolis natoque penatibus et magnis dis parturient montes nascetur ridiculus mus<\/p>\n<p>Aenaen massa, Cum soolis natoque penatibus et magnis dis parturient montes nascetur ridiculus mus<\/p>\n\n\n\n\n\n\n\n<h2>Why Booking with Us<\/h2>\n<p>Lorem ipsum dolor sit amet, consectetuer adipiscing elit. Aenean commodo ligule eget dolor. Aenaen massa, Cum soolis natoque penatibus et magnis dis parturient montes nascetur ridiculus mus<\/p>\n\n\n\n\n\n\n\n\n\n\n\n\n<h2>COntactO<\/h2>\n<p>\n\u00bfCu\u00e1l es la mejor hora para llamarte?\n\u00bfD\u00f3nde tienes pensado viajar?\n\u00bfTienes una fecha ya prevista para el viaje?\n\u00bfCuantas personas quereis viajar?\n\u00bfDinos en que podemos ayudarte?<\/p>\n\n\n<p>contactanos<\/p>\n\n\n\n\n\n\n\n\n\n\n\t\t\t\t\t\t\t\t<\/div>\n\t\t\t\t<\/div>\n\t\t\t\t\t<\/div>\n\t\t<\/div>\n\t\t\t\t\t<\/div>\n\t\t<\/section>\n\t\t\t\t<section class=\"elementor-section elementor-top-section elementor-element elementor-element-1ea99d4 elementor-section-boxed elementor-section-height-default elementor-section-height-default wpr-particle-no wpr-jarallax-no wpr-parallax-no wpr-sticky-section-no\" data-id=\"1ea99d4\" data-element_type=\"section\" data-e-type=\"section\">\n\t\t\t\t\t\t<div class=\"elementor-container elementor-column-gap-default\">\n\t\t\t\t\t<div class=\"elementor-column elementor-col-16 elementor-top-column elementor-element elementor-element-ebf65b9\" data-id=\"ebf65b9\" data-element_type=\"column\" data-e-type=\"column\">\n\t\t\t<div class=\"elementor-widget-wrap\">\n\t\t\t\t\t\t\t<\/div>\n\t\t<\/div>\n\t\t\t\t<div class=\"elementor-column elementor-col-16 elementor-top-column elementor-element elementor-element-4977d81\" data-id=\"4977d81\" data-element_type=\"column\" data-e-type=\"column\">\n\t\t\t<div class=\"elementor-widget-wrap\">\n\t\t\t\t\t\t\t<\/div>\n\t\t<\/div>\n\t\t\t\t<div class=\"elementor-column elementor-col-16 elementor-top-column elementor-element elementor-element-3f88e8d\" data-id=\"3f88e8d\" data-element_type=\"column\" data-e-type=\"column\">\n\t\t\t<div class=\"elementor-widget-wrap\">\n\t\t\t\t\t\t\t<\/div>\n\t\t<\/div>\n\t\t\t\t<div class=\"elementor-column elementor-col-16 elementor-top-column elementor-element elementor-element-eb6a864\" data-id=\"eb6a864\" data-element_type=\"column\" data-e-type=\"column\">\n\t\t\t<div class=\"elementor-widget-wrap\">\n\t\t\t\t\t\t\t<\/div>\n\t\t<\/div>\n\t\t\t\t<div class=\"elementor-column elementor-col-16 elementor-top-column elementor-element elementor-element-2aa5f95\" data-id=\"2aa5f95\" data-element_type=\"column\" data-e-type=\"column\">\n\t\t\t<div class=\"elementor-widget-wrap\">\n\t\t\t\t\t\t\t<\/div>\n\t\t<\/div>\n\t\t\t\t<div class=\"elementor-column elementor-col-16 elementor-top-column elementor-element elementor-element-515d871\" data-id=\"515d871\" data-element_type=\"column\" data-e-type=\"column\">\n\t\t\t<div class=\"elementor-widget-wrap\">\n\t\t\t\t\t\t\t<\/div>\n\t\t<\/div>\n\t\t\t\t\t<\/div>\n\t\t<\/section>\n\t\t\t\t<\/div>\n\t\t","protected":false},"excerpt":{"rendered":"","protected":false},"author":0,"featured_media":0,"parent":0,"menu_order":0,"comment_status":"closed","ping_status":"closed","template":"","meta":{"pagelayer_contact_templates":{"2kg3166":{"cont_subject":"home page form","cont_header":"$name,$phone,$message,$email","cont_use_html":"true"}},"_pagelayer_content":"","footnotes":""},"class_list":["post-53","page","type-page","status-publish","hentry"],"_links":{"self":[{"href":"https:\/\/buceomadrid.es\/viajes\/wp-json\/wp\/v2\/pages\/53","targetHints":{"allow":["GET"]}}],"collection":[{"href":"https:\/\/buceomadrid.es\/viajes\/wp-json\/wp\/v2\/pages"}],"about":[{"href":"https:\/\/buceomadrid.es\/viajes\/wp-json\/wp\/v2\/types\/page"}],"replies":[{"embeddable":true,"href":"https:\/\/buceomadrid.es\/viajes\/wp-json\/wp\/v2\/comments?post=53"}],"version-history":[{"count":80,"href":"https:\/\/buceomadrid.es\/viajes\/wp-json\/wp\/v2\/pages\/53\/revisions"}],"predecessor-version":[{"id":1016,"href":"https:\/\/buceomadrid.es\/viajes\/wp-json\/wp\/v2\/pages\/53\/revisions\/1016"}],"wp:attachment":[{"href":"https:\/\/buceomadrid.es\/viajes\/wp-json\/wp\/v2\/media?parent=53"}],"curies":[{"name":"wp","href":"https:\/\/api.w.org\/{rel}","templated":true}]}}